*l + 116, -134 = -5*l - c*z. What are the prime factors of l?
2, 3, 5
Let u(i) = -2*i**2 - 238*i - 40. List the prime factors of u(-21).
2, 1019
Let b = 266 - 159. Let s = 205 - b. List the prime factors of s.
2, 7
Let m = -8 + 12. Suppose -2*o - m*i + 20 = -2, 0 = 4*o + 5*i - 50. List the prime factors of o.
3, 5
What are the prime factors of 2089 - 5/(-2)*24/20?
2, 523
Let f = 7 + 6. List the prime factors of 1 + f - (-11 + 8).
17
Suppose -1408 + 172 = -2*u. What are the prime factors of u?
2, 3, 103
Suppose -4*u = -4*t - 6036, 5*t - 1041 = -2*u - 8565. Let b be (-8)/14 - t/14. Let m = -67 + b. What are the prime factors of m?
2, 5
Suppose -16*q + 8043 = -9*q. What are the prime factors of q?
3, 383
Let v(k) = 57*k - 120. What are the prime factors of v(11)?
3, 13
Let l be (-152)/8*(-2 + -2). Let k = 115 - l. List the prime factors of k.
3, 13
Let a(r) = -r - 3. Let d be a(-6). Suppose -403 = -2*w + 5*v, v = 4*w - d*w - 194. List the prime factors of w.
3, 7
Suppose v = 5*v - 16. Let w = 99 - v. What are the prime factors of w?
5, 19
Let i = 6 - 6. Suppose i = -2*f - 6, -2*o - f + 5*f + 16 = 0. Suppose 0*x + o*x = -2*z + 60, -2*z - 3*x = -56. What are the prime factors of z?
2, 17
Suppose -4*d - 2*y + 2618 = 0, 4*d + 7*y - 4*y = 2623. What are the prime factors of d?
2, 163
Suppose -2*d = -576 + 5056. Let a be 4/14 - d/49. Let f = a - 33. What are the prime factors of f?
13
Let o be (-4)/((-8)/46)*-1. Let r = -13 + -4. Let z = r - o. What are the prime factors of z?
2, 3
Let o = 3116 + -1537. List the prime factors of o.
1579
Let f(j) = -7*j**3 + 3*j**2 + 2*j + 3. Let p be f(3). Let a = -80 - p. List the prime factors of a.
73
Let n = 19 - 14. Suppose 0*m + 20 = 4*o + 3*m, 0 = -n*m. Suppose 256 = 4*l - a, -3*l - 106 = -o*l - 5*a. What are the prime factors of l?
3, 7
Suppose -14*i - 5*i + 12255 = 0. What are the prime factors of i?
3, 5, 43
Let j(y) = -y**3 + 7*y**2 - 7*y + 8. Let k be j(6). Suppose -10 = -3*x - k*x. Suppose x*v - 34 = 32. List the prime factors of v.
3, 11
Suppose 0 = -25*o + 44234 + 36516. List the prime factors of o.
2, 5, 17, 19
Suppose -2*j - 12 = -6*j + 3*u, 0 = -4*j - u + 12. Suppose 2*b - 23 = 4*r + 27, -3*b - j*r = -84. List the prime factors of b.
3
Suppose -3*z = -2*m + 14, -12 = 5*z - m + 16. Suppose 4*y - 2 = -6. List the prime factors of 9/z*10/y.
3, 5
Let i be (-5)/((-5)/(-2)) + 35/7. What are the prime factors of (i/18 + (-251)/30)*-5?
41
Let i = 14 - 13. Suppose 4 = v - i. Let n = v + 2. What are the prime factors of n?
7
What are the prime factors of ((-146)/4)/(2/(-28))?
7, 73
What are the prime factors of 70/(-30)*(-7)/((-42)/(-4734))?
7, 263
Suppose -2*x + 40 = 4*h, 5*x - 2*h = 75 - 11. Suppose 5*r - p = -x + 141, -p + 81 = 3*r. Let m = 36 - r. List the prime factors of m.
2, 5
Suppose -m = -2, -3*m - m + 178 = 5*c. Suppose -2*s - 98 = -2*p + c, -5*p - 219 = 4*s. Let t = 86 + s. What are the prime factors of t?
5
Let x(g) = 3*g**2 - 12*g + 26. List the prime factors of x(13).
13, 29
Let s be 1/(2 - 60/28). Let l(r) = -r**2 - 9*r - 9. Let g be l(s). Suppose 0 = 2*q - 6, 2*x + g + 3 = 4*q. List the prime factors of x.
2
Let z(f) = -2*f**2 + 6*f + 1. Let b be z(5). Let l = 7 + b. Let x(u) = -u. List the prime factors of x(l).
2, 3
Let j = 4 - -5. Suppose i - j = 4*i. List the prime factors of (1/4)/(i/(-348)).
29
Suppose 7*o = 2*o - 4*b + 3239, -3*o + 4*b = -1969. What are the prime factors of o?
3, 7, 31
Let l(h) = h**2 + 5*h - 3. Let n(s) = -s**3 - 3*s**2 + s - 3. Let w be n(-3). Let r be l(w). Suppose -r*y = -0*y - 18. List the prime factors of y.
2, 3
Suppose -3*m = -9 - 0. Let p be 2 - 5/(10/(-6)). Suppose m*c + t + 3*t - 39 = 0, -4*t - 65 = -p*c. List the prime factors of c.
13
What are the prime factors of ((-1160)/(-14))/(3/21)?
2, 5, 29
Suppose 2*l = 5*f - 7011, -2*f + 2288 + 517 = -l. What are the prime factors of f?
3, 467
Let v = 4 + -8. Let l be (-2)/(-8) - 11/v. Suppose -2*i + l*s = -11, -2*i - 5*s + 15 + 20 = 0. List the prime factors of i.
2, 5
Suppose 2*i = -4*l + 13458, 13*l - 10098 = 10*l - 3*i. List the prime factors of l.
3, 19, 59
Let c be -4*(-6)/8 + 52. Suppose -m + 10 = c. List the prime factors of (1380/m)/((-4)/6).
2, 23
Let j = 80 - -13. Let s = j + 25. What are the prime factors of s?
2, 59
Let t(z) = z + 15. Let o be t(9). Suppose 25*c - o*c = 96. List the prime factors of c.
2, 3
Let l(n) = 41*n**2. Let s be l(1). Suppose -4*j + s = -47. Let r = j + -12. List the prime factors of r.
2, 5
Let d(b) = 13*b. Let v be d(-1). Let o be v + 12 - (68 + -1). Let m = -37 - o. What are the prime factors of m?
31
Let q(w) = -82*w + 244. List the prime factors of q(-12).
2, 307
What are the prime factors of -4 + -12 + 7 + 1507?
2, 7, 107
Suppose -x + 142 = 3*l, -3*x - l + 6 = -380. What are the prime factors of x?
127
Let x(s) be the first derivative of -17*s + 2/3*s**3 + 4*s**2 - 1. What are the prime factors of x(-7)?
5
What are the prime factors of -2 - (-26 - -29)*(-464)/1?
2, 5, 139
Suppose -150 = -5*i - 10*i. List the prime factors of (1122/30)/(-2*(-1)/i).
11, 17
Let m be ((-804)/10)/(4/(-10)). Suppose 3*o + 6 - m = 0. What are the prime factors of o?
5, 13
Suppose -8*p - 24363 = -17*p. What are the prime factors of p?
2707
Suppose 0 = -4*k + 672 - 104. Suppose 0*g - k = -2*g. List the prime factors of g.
71
Let s(g) = -g**3 - 5*g**2 + 14*g + 5. Let h be s(-7). List the prime factors of h + -3 - (-51 - -1).
2, 13
Let t be 3 - (0 + 3 - 11). Let l = t + -38. Let n = -9 - l. List the prime factors of n.
2, 3
Let u = 142 + 255. What are the prime factors of u?
397
Suppose -4*c + 5694 = -7*b + 2*b, -5*c + 2281 = -2*b. List the prime factors of b/(-16) - 2/16.
71
Let w(h) = -4*h - 6. Let p be w(-6). List the prime factors of 2822/p - 5/90*-4.
157
Let r(k) be the second derivative of k**4/4 + 4*k**3/3 - 7*k**2/2 - 7*k. List the prime factors of r(-7).
2, 3, 7
Suppose 2*n - 3 = -n - 3*b, 4 = 2*n + b. Suppose n*w + 87 = 99. List the prime factors of w.
2
Let a be 2/(-4) - (-15)/6. Suppose -k + a*k + 4*y - 93 = 0, 443 = 5*k - 2*y. List the prime factors of k.
89
Suppose l = -3*w - 3, -15 = 3*w - 0*l + 5*l. Suppose -63 = -c + 2*s, 4*s = -w*s + 4. What are the prime factors of c?
5, 13
Suppose -5*f = -2*g - 1267, 21 = -2*f + 4*g + 531. Suppose 2*v - 5*r - 157 = f, -v - 4*r + 192 = 0. What are the prime factors of v?
2, 5
Suppose 2*o - 737 = -5*i, i - 2200 = -5*o - 415. What are the prime factors of o?
2, 89
Let x = -13 + 15. Suppose 0 = -x*m - 1 + 11. Suppose -m*t - 5*u = -180, -t + u - 73 = -3*t. List the prime factors of t.
37
Let q(a) = 2*a - 29. Let h(z) = 10*z - 146. Let t = -13 + 2. Let r(c) = t*q(c) + 2*h(c). What are the prime factors of r(0)?
3
Let k be (-25)/9 - (-6)/(-27). Let c = k + 27. Suppose r - 2*u = c, -1 = 4*r - u - 97. What are the prime factors of r?
2, 3
Suppose 0*g = -2*g + 4*x - 14, 1 = x. Let m(d) = d + 8. Let j be m(g). Suppose 2*l - 11 = -j, 0 = 3*a - 4*l - 17. List the prime factors of a.
11
Let z(s) = 37*s**2 - 27*s - 83. List the prime factors of z(-8).
41, 61
Suppose 63 = 4*a + 7. What are the prime factors of (60/a)/((-27)/14 + 2)?
2, 3, 5
Let r = -986 - -1385. List the prime factors of r.
3, 7, 19
Let y(t) = 141*t - 82. List the prime factors of y(5).
7, 89
Suppose 25*x - 5662 = 11513. List the prime factors of x.
3, 229
Let h = -9 - -16. Let p(g) = 2*g + 13. Let b be p(-6). Let z = h + b. What are the prime factors of z?
2
Let m = -289 + 501. Let h = m + -144. What are the prime factors of h?
2, 17
Let i be ((-24)/(-10))/((-3)/(-15)). Let z = i + -7. Suppose 0 = -z*a + 25 + 50. List the prime factors of a.
3, 5
Suppose k - 3267 = -8*k. What are the prime factors of k?
3, 11
Suppose -y = p - 893, -1726 = -3*p + 5*y + 921. List the prime factors of p.
7, 127
List the prime factors of (-92*(-12)/(-240))/((-3)/2445).
23, 163
Let t(q) = -q**3 + 28*q**2 - 46*q - 37. What are the prime factors of t(25)?
2, 43
Suppose 0 = 28*l - 27*l - 30. Suppose -5*o + 85 + l = 0. What are the prime factors of o?
23
Let p(h) = 8*h**2 + 10*h - 1. Let x be p(-4). Suppose 0 = -3*s + 5*q + 921, -837 = -3*s + 4*q + x. List the prime factors of s.
2, 3, 13
Let b be (-103)/(-3) + 7/(-21). Suppose 0 = -3*y - 71 + 77. Suppose -y*i - b = -4*i. List the prime factors of i.
17
Suppose 22 = -